[INFO] cloning repository https://github.com/bon-chi/r-chat
[INFO] running `Command { std: "git" "-c" "credential.helper=" "-c" "credential.helper=/workspace/cargo-home/bin/git-credential-null" "clone" "--bare" "https://github.com/bon-chi/r-chat" "/workspace/cache/git-repos/https%3A%2F%2Fgithub.com%2Fbon-chi%2Fr-chat", kill_on_drop: false }`
[INFO] [stderr] Cloning into bare repository '/workspace/cache/git-repos/https%3A%2F%2Fgithub.com%2Fbon-chi%2Fr-chat'...
[INFO] running `Command { std: "git" "rev-parse" "HEAD", kill_on_drop: false }`
[INFO] [stdout] 01e3fcd3ee9286d53bc2d51a7110cbf3b7bc573c
[INFO] checking bon-chi/r-chat against master#af3c6e733a40e671550e0f0f5aeecaa13772ba56 for pr-74989
[INFO] running `Command { std: "git" "clone" "/workspace/cache/git-repos/https%3A%2F%2Fgithub.com%2Fbon-chi%2Fr-chat" "/workspace/builds/worker-3/source", kill_on_drop: false }`
[INFO] [stderr] Cloning into '/workspace/builds/worker-3/source'...
[INFO] [stderr] done.
[INFO] validating manifest of git repo https://github.com/bon-chi/r-chat on toolchain af3c6e733a40e671550e0f0f5aeecaa13772ba56
[INFO] running `Command { std: "/workspace/cargo-home/bin/cargo" "+af3c6e733a40e671550e0f0f5aeecaa13772ba56" "read-manifest" "--manifest-path" "Cargo.toml", kill_on_drop: false }`
[INFO] started tweaking git repo https://github.com/bon-chi/r-chat
[INFO] finished tweaking git repo https://github.com/bon-chi/r-chat
[INFO] tweaked toml for git repo https://github.com/bon-chi/r-chat written to /workspace/builds/worker-3/source/Cargo.toml
[INFO] crate git repo https://github.com/bon-chi/r-chat already has a lockfile, it will not be regenerated
[INFO] running `Command { std: "/workspace/cargo-home/bin/cargo" "+af3c6e733a40e671550e0f0f5aeecaa13772ba56" "fetch" "--locked" "--manifest-path" "Cargo.toml", kill_on_drop: false }`
[INFO] [stderr] error: the lock file /workspace/builds/worker-3/source/Cargo.lock needs to be updated but --locked was passed to prevent this
[INFO] [stderr] If you want to try to generate the lock file without accessing the network, use the --offline flag.
[INFO] the lockfile is outdated, regenerating it
[INFO] running `Command { std: "/workspace/cargo-home/bin/cargo" "+af3c6e733a40e671550e0f0f5aeecaa13772ba56" "generate-lockfile" "--manifest-path" "Cargo.toml" "-Zno-index-update", kill_on_drop: false }`
[INFO] [stderr]     Updating git repository `https://github.com/carllerche/mio`
[INFO] running `Command { std: "/workspace/cargo-home/bin/cargo" "+af3c6e733a40e671550e0f0f5aeecaa13772ba56" "fetch" "--locked" "--manifest-path" "Cargo.toml", kill_on_drop: false }`
[INFO] running `Command { std: "docker" "create" "-v" "/var/lib/crater-agent-workspace/builds/worker-3/target:/opt/rustwide/target:rw,Z" "-v" "/var/lib/crater-agent-workspace/builds/worker-3/source:/opt/rustwide/workdir:ro,Z" "-v" "/var/lib/crater-agent-workspace/cargo-home:/opt/rustwide/cargo-home:ro,Z" "-v" "/var/lib/crater-agent-workspace/rustup-home:/opt/rustwide/rustup-home:ro,Z" "-e" "SOURCE_DIR=/opt/rustwide/workdir" "-e" "CARGO_TARGET_DIR=/opt/rustwide/target" "-e" "CARGO_HOME=/opt/rustwide/cargo-home" "-e" "RUSTUP_HOME=/opt/rustwide/rustup-home" "-w" "/opt/rustwide/workdir" "-m" "1610612736" "--user" "0:0" "--network" "none" "rustops/crates-build-env@sha256:d92eaeed33fa75130ca1ee6c8a01d1ffb62bac859dfdfb3450e3e5d1c0146529" "/opt/rustwide/cargo-home/bin/cargo" "+af3c6e733a40e671550e0f0f5aeecaa13772ba56" "metadata" "--no-deps" "--format-version=1", kill_on_drop: false }`
[INFO] [stderr] WARNING: Your kernel does not support swap limit capabilities or the cgroup is not mounted. Memory limited without swap.
[INFO] [stdout] 98fddffe48ee6f9fd2b4b7d241e5564c4413f75e7e2f16f89a8cbb0b0648ffa8
[INFO] running `Command { std: "docker" "start" "-a" "98fddffe48ee6f9fd2b4b7d241e5564c4413f75e7e2f16f89a8cbb0b0648ffa8", kill_on_drop: false }`
[INFO] running `Command { std: "docker" "inspect" "98fddffe48ee6f9fd2b4b7d241e5564c4413f75e7e2f16f89a8cbb0b0648ffa8", kill_on_drop: false }`
[INFO] running `Command { std: "docker" "rm" "-f" "98fddffe48ee6f9fd2b4b7d241e5564c4413f75e7e2f16f89a8cbb0b0648ffa8", kill_on_drop: false }`
[INFO] [stdout] 98fddffe48ee6f9fd2b4b7d241e5564c4413f75e7e2f16f89a8cbb0b0648ffa8
[INFO] running `Command { std: "docker" "create" "-v" "/var/lib/crater-agent-workspace/builds/worker-3/target:/opt/rustwide/target:rw,Z" "-v" "/var/lib/crater-agent-workspace/builds/worker-3/source:/opt/rustwide/workdir:ro,Z" "-v" "/var/lib/crater-agent-workspace/cargo-home:/opt/rustwide/cargo-home:ro,Z" "-v" "/var/lib/crater-agent-workspace/rustup-home:/opt/rustwide/rustup-home:ro,Z" "-e" "SOURCE_DIR=/opt/rustwide/workdir" "-e" "CARGO_TARGET_DIR=/opt/rustwide/target" "-e" "CARGO_INCREMENTAL=0" "-e" "RUST_BACKTRACE=full" "-e" "RUSTFLAGS=--cap-lints=forbid" "-e" "CARGO_HOME=/opt/rustwide/cargo-home" "-e" "RUSTUP_HOME=/opt/rustwide/rustup-home" "-w" "/opt/rustwide/workdir" "-m" "1610612736" "--user" "0:0" "--network" "none" "rustops/crates-build-env@sha256:d92eaeed33fa75130ca1ee6c8a01d1ffb62bac859dfdfb3450e3e5d1c0146529" "/opt/rustwide/cargo-home/bin/cargo" "+af3c6e733a40e671550e0f0f5aeecaa13772ba56" "check" "--frozen" "--all" "--all-targets" "--message-format=json", kill_on_drop: false }`
[INFO] [stdout] 485337d087b04cd3c7d4164acd002fcab820b88751a3f633873abf69871e55d9
[INFO] [stderr] WARNING: Your kernel does not support swap limit capabilities or the cgroup is not mounted. Memory limited without swap.
[INFO] running `Command { std: "docker" "start" "-a" "485337d087b04cd3c7d4164acd002fcab820b88751a3f633873abf69871e55d9", kill_on_drop: false }`
[INFO] [stderr]    Compiling libc v0.2.77
[INFO] [stderr]    Compiling log v0.4.11
[INFO] [stderr]    Compiling byteorder v1.3.4
[INFO] [stderr]     Checking cfg-if v0.1.10
[INFO] [stderr]    Compiling http-muncher v0.2.5
[INFO] [stderr]     Checking sha1 v0.1.1
[INFO] [stderr]     Checking mio v0.7.0 (https://github.com/carllerche/mio#eef8d3b9)
[INFO] [stderr]     Checking chat v0.1.0 (/opt/rustwide/workdir)
[INFO] [stdout] error[E0432]: unresolved import `mio::tcp`
[INFO] [stdout]  --> src/main.rs:4:10
[INFO] [stdout]   |
[INFO] [stdout] 4 | use mio::tcp::*;
[INFO] [stdout]   |          ^^^ could not find `tcp` in `mio`
[INFO] [stdout] 
[INFO] [stdout] 
[INFO] [stdout] error[E0433]: failed to resolve: use of undeclared type or module `EventSet`
[INFO] [stdout]   --> src/main.rs:55:37
[INFO] [stdout]    |
[INFO] [stdout] 55 | ...                   EventSet::readable(),
[INFO] [stdout]    |                       ^^^^^^^^ use of undeclared type or module `EventSet`
[INFO] [stdout] 
[INFO] [stdout] 
[INFO] [stdout] error[E0433]: failed to resolve: use of undeclared type or module `PollOpt`
[INFO] [stdout]   --> src/main.rs:56:37
[INFO] [stdout]    |
[INFO] [stdout] 56 | ...                   PollOpt::edge() | PollOpt::oneshot())
[INFO] [stdout]    |                       ^^^^^^^ use of undeclared type or module `PollOpt`
[INFO] [stdout] 
[INFO] [stdout] 
[INFO] [stdout] error[E0433]: failed to resolve: use of undeclared type or module `PollOpt`
[INFO] [stdout]   --> src/main.rs:56:55
[INFO] [stdout]    |
[INFO] [stdout] 56 | ...                   PollOpt::edge() | PollOpt::oneshot())
[INFO] [stdout]    |                                         ^^^^^^^ use of undeclared type or module `PollOpt`
[INFO] [stdout] 
[INFO] [stdout] 
[INFO] [stdout] error[E0433]: failed to resolve: use of undeclared type or module `EventSet`
[INFO] [stdout]   --> src/main.rs:64:39
[INFO] [stdout]    |
[INFO] [stdout] 64 | ...                   EventSet::readable(),
[INFO] [stdout]    |                       ^^^^^^^^ use of undeclared type or module `EventSet`
[INFO] [stdout] 
[INFO] [stdout] 
[INFO] [stdout] error[E0433]: failed to resolve: use of undeclared type or module `PollOpt`
[INFO] [stdout]   --> src/main.rs:65:39
[INFO] [stdout]    |
[INFO] [stdout] 65 | ...                   PollOpt::edge() | PollOpt::oneshot())
[INFO] [stdout]    |                       ^^^^^^^ use of undeclared type or module `PollOpt`
[INFO] [stdout] 
[INFO] [stdout] 
[INFO] [stdout] error[E0433]: failed to resolve: use of undeclared type or module `PollOpt`
[INFO] [stdout]   --> src/main.rs:65:57
[INFO] [stdout]    |
[INFO] [stdout] 65 | ...                   PollOpt::edge() | PollOpt::oneshot())
[INFO] [stdout]    |                                         ^^^^^^^ use of undeclared type or module `PollOpt`
[INFO] [stdout] 
[INFO] [stdout] 
[INFO] [stdout] error[E0433]: failed to resolve: use of undeclared type or module `EventLoop`
[INFO] [stdout]    --> src/main.rs:135:26
[INFO] [stdout]     |
[INFO] [stdout] 135 |     let mut event_loop = EventLoop::new().unwrap();
[INFO] [stdout]     |                          ^^^^^^^^^ use of undeclared type or module `EventLoop`
[INFO] [stdout] 
[INFO] [stdout] 
[INFO] [stdout] error[E0433]: failed to resolve: use of undeclared type or module `EventSet`
[INFO] [stdout]    --> src/main.rs:145:25
[INFO] [stdout]     |
[INFO] [stdout] 145 |                         EventSet::readable(),
[INFO] [stdout]     |                         ^^^^^^^^ use of undeclared type or module `EventSet`
[INFO] [stdout] 
[INFO] [stdout] 
[INFO] [stdout] error[E0433]: failed to resolve: use of undeclared type or module `PollOpt`
[INFO] [stdout]    --> src/main.rs:146:25
[INFO] [stdout]     |
[INFO] [stdout] 146 |                         PollOpt::edge())
[INFO] [stdout]     |                         ^^^^^^^ use of undeclared type or module `PollOpt`
[INFO] [stdout] 
[INFO] [stdout] 
[INFO] [stdout] error[E0412]: cannot find type `TcpListener` in this scope
[INFO] [stdout]   --> src/main.rs:25:13
[INFO] [stdout]    |
[INFO] [stdout] 25 |     socket: TcpListener,
[INFO] [stdout]    |             ^^^^^^^^^^^ not found in this scope
[INFO] [stdout]    |
[INFO] [stdout] help: consider importing this struct
[INFO] [stdout]    |
[INFO] [stdout] 2  | use std::net::TcpListener;
[INFO] [stdout]    |
[INFO] [stdout] 
[INFO] [stdout] 
[INFO] [stdout] error[E0405]: cannot find trait `Handler` in this scope
[INFO] [stdout]   --> src/main.rs:32:6
[INFO] [stdout]    |
[INFO] [stdout] 32 | impl Handler for WebSocketServer {
[INFO] [stdout]    |      ^^^^^^^ not found in this scope
[INFO] [stdout] 
[INFO] [stdout] 
[INFO] [stdout] error[E0412]: cannot find type `EventLoop` in this scope
[INFO] [stdout]   --> src/main.rs:37:31
[INFO] [stdout]    |
[INFO] [stdout] 37 |              event_loop: &mut EventLoop<WebSocketServer>,
[INFO] [stdout]    |                               ^^^^^^^^^ not found in this scope
[INFO] [stdout] 
[INFO] [stdout] 
[INFO] [stdout] error[E0432]: unresolved import `mio::tcp`
[INFO] [stdout]  --> src/main.rs:4:10
[INFO] [stdout]   |
[INFO] [stdout] 4 | use mio::tcp::*;
[INFO] [stdout]   |          ^^^ could not find `tcp` in `mio`
[INFO] [stdout] 
[INFO] [stdout] 
[INFO] [stdout] error[E0412]: cannot find type `EventSet` in this scope
[INFO] [stdout]   --> src/main.rs:39:22
[INFO] [stdout]    |
[INFO] [stdout] 39 |              events: EventSet) {
[INFO] [stdout]    |                      ^^^^^^^^ not found in this scope
[INFO] [stdout] 
[INFO] [stdout] 
[INFO] [stdout] error[E0412]: cannot find type `TcpStream` in this scope
[INFO] [stdout]    --> src/main.rs:101:13
[INFO] [stdout]     |
[INFO] [stdout] 101 |     socket: TcpStream,
[INFO] [stdout]     |             ^^^^^^^^^ not found in this scope
[INFO] [stdout]     |
[INFO] [stdout] help: consider importing this struct
[INFO] [stdout]     |
[INFO] [stdout] 2   | use std::net::TcpStream;
[INFO] [stdout]     |
[INFO] [stdout] 
[INFO] [stdout] 
[INFO] [stdout] error[E0412]: cannot find type `TcpStream` in this scope
[INFO] [stdout]    --> src/main.rs:106:20
[INFO] [stdout]     |
[INFO] [stdout] 106 |     fn new(socket: TcpStream) -> WebSocketClient {
[INFO] [stdout]     |                    ^^^^^^^^^ not found in this scope
[INFO] [stdout]     |
[INFO] [stdout] help: consider importing this struct
[INFO] [stdout]     |
[INFO] [stdout] 2   | use std::net::TcpStream;
[INFO] [stdout]     |
[INFO] [stdout] 
[INFO] [stdout] 
[INFO] [stdout] error[E0423]: expected value, found struct `HttpParser`
[INFO] [stdout]    --> src/main.rs:109:42
[INFO] [stdout]     |
[INFO] [stdout] 78  | / struct HttpParser {
[INFO] [stdout] 79  | |     current_key: Option<String>,
[INFO] [stdout] 80  | |     headers: Rc<RefCell<HashMap<String, String>>>,
[INFO] [stdout] 81  | | }
[INFO] [stdout]     | |_- `HttpParser` defined here
[INFO] [stdout] ...
[INFO] [stdout] 109 |               http_parser: Parser::request(HttpParser),
[INFO] [stdout]     |                                            ^^^^^^^^^^ help: use struct literal syntax instead: `HttpParser { current_key: val, headers: val }`
[INFO] [stdout] 
[INFO] [stdout] 
[INFO] [stdout] error[E0433]: failed to resolve: use of undeclared type or module `TcpListener`
[INFO] [stdout]    --> src/main.rs:137:25
[INFO] [stdout]     |
[INFO] [stdout] 137 |     let server_socket = TcpListener::bind(&address).unwrap();
[INFO] [stdout]     |                         ^^^^^^^^^^^ not found in this scope
[INFO] [stdout]     |
[INFO] [stdout] help: consider importing this struct
[INFO] [stdout]     |
[INFO] [stdout] 2   | use std::net::TcpListener;
[INFO] [stdout]     |
[INFO] [stdout] 
[INFO] [stdout] 
[INFO] [stdout] error: aborting due to 18 previous errors
[INFO] [stdout] 
[INFO] [stdout] 
[INFO] [stdout] Some errors have detailed explanations: E0405, E0412, E0423, E0432, E0433.
[INFO] [stdout] 
[INFO] [stdout] For more information about an error, try `rustc --explain E0405`.
[INFO] [stdout] 
[INFO] [stderr] error: could not compile `chat`.
[INFO] [stderr] 
[INFO] [stderr] To learn more, run the command again with --verbose.
[INFO] [stderr] warning: build failed, waiting for other jobs to finish...
[INFO] [stdout] error[E0433]: failed to resolve: use of undeclared type or module `EventSet`
[INFO] [stdout]   --> src/main.rs:55:37
[INFO] [stdout]    |
[INFO] [stdout] 55 | ...                   EventSet::readable(),
[INFO] [stdout]    |                       ^^^^^^^^ use of undeclared type or module `EventSet`
[INFO] [stdout] 
[INFO] [stdout] 
[INFO] [stdout] error[E0433]: failed to resolve: use of undeclared type or module `PollOpt`
[INFO] [stdout]   --> src/main.rs:56:37
[INFO] [stdout]    |
[INFO] [stdout] 56 | ...                   PollOpt::edge() | PollOpt::oneshot())
[INFO] [stdout]    |                       ^^^^^^^ use of undeclared type or module `PollOpt`
[INFO] [stdout] 
[INFO] [stdout] 
[INFO] [stdout] error[E0433]: failed to resolve: use of undeclared type or module `PollOpt`
[INFO] [stdout]   --> src/main.rs:56:55
[INFO] [stdout]    |
[INFO] [stdout] 56 | ...                   PollOpt::edge() | PollOpt::oneshot())
[INFO] [stdout]    |                                         ^^^^^^^ use of undeclared type or module `PollOpt`
[INFO] [stdout] 
[INFO] [stdout] 
[INFO] [stdout] error[E0433]: failed to resolve: use of undeclared type or module `EventSet`
[INFO] [stdout]   --> src/main.rs:64:39
[INFO] [stdout]    |
[INFO] [stdout] 64 | ...                   EventSet::readable(),
[INFO] [stdout]    |                       ^^^^^^^^ use of undeclared type or module `EventSet`
[INFO] [stdout] 
[INFO] [stdout] 
[INFO] [stdout] error[E0433]: failed to resolve: use of undeclared type or module `PollOpt`
[INFO] [stdout]   --> src/main.rs:65:39
[INFO] [stdout]    |
[INFO] [stdout] 65 | ...                   PollOpt::edge() | PollOpt::oneshot())
[INFO] [stdout]    |                       ^^^^^^^ use of undeclared type or module `PollOpt`
[INFO] [stdout] 
[INFO] [stdout] 
[INFO] [stdout] error[E0433]: failed to resolve: use of undeclared type or module `PollOpt`
[INFO] [stdout]   --> src/main.rs:65:57
[INFO] [stdout]    |
[INFO] [stdout] 65 | ...                   PollOpt::edge() | PollOpt::oneshot())
[INFO] [stdout]    |                                         ^^^^^^^ use of undeclared type or module `PollOpt`
[INFO] [stdout] 
[INFO] [stdout] 
[INFO] [stdout] error[E0433]: failed to resolve: use of undeclared type or module `EventLoop`
[INFO] [stdout]    --> src/main.rs:135:26
[INFO] [stdout]     |
[INFO] [stdout] 135 |     let mut event_loop = EventLoop::new().unwrap();
[INFO] [stdout]     |                          ^^^^^^^^^ use of undeclared type or module `EventLoop`
[INFO] [stdout] 
[INFO] [stdout] 
[INFO] [stdout] error[E0433]: failed to resolve: use of undeclared type or module `EventSet`
[INFO] [stdout]    --> src/main.rs:145:25
[INFO] [stdout]     |
[INFO] [stdout] 145 |                         EventSet::readable(),
[INFO] [stdout]     |                         ^^^^^^^^ use of undeclared type or module `EventSet`
[INFO] [stdout] 
[INFO] [stdout] 
[INFO] [stdout] error[E0433]: failed to resolve: use of undeclared type or module `PollOpt`
[INFO] [stdout]    --> src/main.rs:146:25
[INFO] [stdout]     |
[INFO] [stdout] 146 |                         PollOpt::edge())
[INFO] [stdout]     |                         ^^^^^^^ use of undeclared type or module `PollOpt`
[INFO] [stdout] 
[INFO] [stdout] 
[INFO] [stdout] error[E0412]: cannot find type `TcpListener` in this scope
[INFO] [stdout]   --> src/main.rs:25:13
[INFO] [stdout]    |
[INFO] [stdout] 25 |     socket: TcpListener,
[INFO] [stdout]    |             ^^^^^^^^^^^ not found in this scope
[INFO] [stdout]    |
[INFO] [stdout] help: consider importing this struct
[INFO] [stdout]    |
[INFO] [stdout] 2  | use std::net::TcpListener;
[INFO] [stdout]    |
[INFO] [stdout] 
[INFO] [stdout] 
[INFO] [stdout] error[E0405]: cannot find trait `Handler` in this scope
[INFO] [stdout]   --> src/main.rs:32:6
[INFO] [stdout]    |
[INFO] [stdout] 32 | impl Handler for WebSocketServer {
[INFO] [stdout]    |      ^^^^^^^ not found in this scope
[INFO] [stdout] 
[INFO] [stdout] 
[INFO] [stdout] error[E0412]: cannot find type `EventLoop` in this scope
[INFO] [stdout]   --> src/main.rs:37:31
[INFO] [stdout]    |
[INFO] [stdout] 37 |              event_loop: &mut EventLoop<WebSocketServer>,
[INFO] [stdout]    |                               ^^^^^^^^^ not found in this scope
[INFO] [stdout] 
[INFO] [stdout] 
[INFO] [stdout] error[E0412]: cannot find type `EventSet` in this scope
[INFO] [stdout]   --> src/main.rs:39:22
[INFO] [stdout]    |
[INFO] [stdout] 39 |              events: EventSet) {
[INFO] [stdout]    |                      ^^^^^^^^ not found in this scope
[INFO] [stdout] 
[INFO] [stdout] 
[INFO] [stdout] error[E0412]: cannot find type `TcpStream` in this scope
[INFO] [stdout]    --> src/main.rs:101:13
[INFO] [stdout]     |
[INFO] [stdout] 101 |     socket: TcpStream,
[INFO] [stdout]     |             ^^^^^^^^^ not found in this scope
[INFO] [stdout]     |
[INFO] [stdout] help: consider importing this struct
[INFO] [stdout]     |
[INFO] [stdout] 2   | use std::net::TcpStream;
[INFO] [stdout]     |
[INFO] [stdout] 
[INFO] [stdout] 
[INFO] [stdout] error[E0412]: cannot find type `TcpStream` in this scope
[INFO] [stdout]    --> src/main.rs:106:20
[INFO] [stdout]     |
[INFO] [stdout] 106 |     fn new(socket: TcpStream) -> WebSocketClient {
[INFO] [stdout]     |                    ^^^^^^^^^ not found in this scope
[INFO] [stdout]     |
[INFO] [stdout] help: consider importing this struct
[INFO] [stdout]     |
[INFO] [stdout] 2   | use std::net::TcpStream;
[INFO] [stdout]     |
[INFO] [stdout] 
[INFO] [stdout] 
[INFO] [stdout] error[E0423]: expected value, found struct `HttpParser`
[INFO] [stdout]    --> src/main.rs:109:42
[INFO] [stdout]     |
[INFO] [stdout] 78  | / struct HttpParser {
[INFO] [stdout] 79  | |     current_key: Option<String>,
[INFO] [stdout] 80  | |     headers: Rc<RefCell<HashMap<String, String>>>,
[INFO] [stdout] 81  | | }
[INFO] [stdout]     | |_- `HttpParser` defined here
[INFO] [stdout] ...
[INFO] [stdout] 109 |               http_parser: Parser::request(HttpParser),
[INFO] [stdout]     |                                            ^^^^^^^^^^ help: use struct literal syntax instead: `HttpParser { current_key: val, headers: val }`
[INFO] [stdout] 
[INFO] [stdout] 
[INFO] [stdout] error[E0433]: failed to resolve: use of undeclared type or module `TcpListener`
[INFO] [stdout]    --> src/main.rs:137:25
[INFO] [stdout]     |
[INFO] [stdout] 137 |     let server_socket = TcpListener::bind(&address).unwrap();
[INFO] [stdout]     |                         ^^^^^^^^^^^ not found in this scope
[INFO] [stdout]     |
[INFO] [stdout] help: consider importing this struct
[INFO] [stdout]     |
[INFO] [stdout] 2   | use std::net::TcpListener;
[INFO] [stdout]     |
[INFO] [stdout] 
[INFO] [stdout] 
[INFO] [stdout] error: aborting due to 18 previous errors
[INFO] [stdout] 
[INFO] [stdout] 
[INFO] [stdout] Some errors have detailed explanations: E0405, E0412, E0423, E0432, E0433.
[INFO] [stdout] 
[INFO] [stdout] For more information about an error, try `rustc --explain E0405`.
[INFO] [stdout] 
[INFO] [stderr] error: build failed
[INFO] running `Command { std: "docker" "inspect" "485337d087b04cd3c7d4164acd002fcab820b88751a3f633873abf69871e55d9", kill_on_drop: false }`
[INFO] running `Command { std: "docker" "rm" "-f" "485337d087b04cd3c7d4164acd002fcab820b88751a3f633873abf69871e55d9", kill_on_drop: false }`
[INFO] [stdout] 485337d087b04cd3c7d4164acd002fcab820b88751a3f633873abf69871e55d9
